e
Is 64 a factor of 724362240?
True
Is 7395414 a multiple of 118?
True
Is 14 a factor of 2491648519?
False
Is 2072628726 a multiple of 1748?
False
Does 155 divide 32285415?
True
Is 6791249 a multiple of 3305?
False
Is 524 a factor of 450747944?
True
Is 1720393042 a multiple of 192?
False
Is 72515003 a multiple of 1727?
True
Is 22198372 a multiple of 73?
False
Is 130773888 a multiple of 228?
False
Is 2341 a factor of 155035066?
True
Is 79 a factor of 4341524?
True
Is 2149 a factor of 288135018?
False
Does 13 divide 2854347834?
True
Is 510077698 a multiple of 13?
True
Is 194910272 a multiple of 67?
False
Is 227 a factor of 62811808?
True
Is 124 a factor of 182174352?
True
Is 24190221 a multiple of 197?
True
Does 548 divide 87469020?
True
Is 9 a factor of 359600152?
False
Is 1339 a factor of 38968000?
False
Is 4115 a factor of 1394415687?
False
Is 14573000 a multiple of 40?
True
Does 8 divide 14459624?
True
Does 373 divide 98330095?
False
Does 20 divide 46358960?
True
Does 265 divide 2123219485?
True
Is 95856426 a multiple of 1439?
False
Does 56 divide 81917864?
True
Does 208 divide 84565312?
True
Does 2542 divide 17442578?
False
Is 7178502 a multiple of 168?
False
Is 314075880 a multiple of 744?
True
Does 186 divide 194708032?
False
Is 278658444 a multiple of 4?
True
Is 9363087 a multiple of 1801?
False
Is 1495488 a multiple of 8?
True
Is 617 a factor of 306180697?
True
Is 251 a factor of 159780106?
False
Does 253 divide 159108411?
True
Does 12 divide 53844201?
False
Is 423211415 a multiple of 4215?
False
Is 45482323 a multiple of 11?
False
Is 27 a factor of 27731808?
True
Is 48021265 a multiple of 13?
False
Is 22508998 a multiple of 456?
False
Is 1044300680 a multiple of 11?
False
Is 3097218159 a multiple of 63?
True
Is 491796213 a multiple of 17?
True
Is 43 a factor of 40406584?
True
Is 7987 a factor of 680883035?
False
Is 20 a factor of 34574722?
False
Is 16301610 a multiple of 983?
False
Does 682 divide 1210958094?
False
Is 16552134 a multiple of 621?
True
Is 163995360 a multiple of 24?
True
Does 22 divide 95151168?
False
Is 36 a factor of 11907288?
True
Is 19143403 even?
False
Does 9953 divide 146226693?
False
Does 4 divide 420074528?
True
Is 156164938 a multiple of 105?
False
Does 335 divide 15524174?
False
Does 776 divide 7146960?
True
Is 452355550 a multiple of 228?
False
Is 18 a factor of 3431196?
True
Does 831 divide 756763941?
False
Is 1081 a factor of 301256413?
False
Is 128015124 a multiple of 565?
False
Does 61 divide 1645117540?
True
Does 597 divide 49348617?
True
Does 613 divide 5436084?
True
Is 160194720 a multiple of 210?
True
Is 41259456 a multiple of 84?
True
Is 566984188 a multiple of 2938?
False
Is 32630038 a multiple of 4?
False
Is 74 a factor of 31648283?
False
Is 67 a factor of 59221300?
True
Is 8 a factor of 59213666?
False
Does 40 divide 18189475?
False
Is 12 a factor of 12329212?
False
Is 875 a factor of 8347710?
False
Does 31 divide 57839583?
True
Does 757 divide 18479941?
False
Does 111 divide 69276959?
False
Is 46 a factor of 122055799?
False
Does 3163 divide 526386905?
False
Is 147923898 a multiple of 360?
False
Is 2293 a factor of 2026640594?
False
Is 48668177 a multiple of 19?
True
Is 7281184 a multiple of 16?
True
Does 764 divide 37783847?
False
Is 94 a factor of 575286674?
True
Does 59 divide 78946?
False
Is 216 a factor of 277401240?
True
Is 849383671 a multiple of 47?
True
Is 4 a factor of 13790828?
True
Is 22 a factor of 99869141?
False
Does 9 divide 256355973?
True
Is 226 a factor of 134130595?
False
Does 646 divide 233287396?
True
Is 102004688 a multiple of 161?
False
Is 2192467561 a multiple of 51?
False
Is 63 a factor of 38582964?
True
Is 81 a factor of 16143334?
False
Is 12 a factor of 8317822?
False
Is 202 a factor of 574586576?
True
Is 56 a factor of 5754202?
False
Does 34 divide 430032714?
True
Is 746154179 a multiple of 59?
True
Is 419619350 a multiple of 10?
True
Does 23 divide 307693073?
False
Does 210 divide 460105830?
False
Is 1058983220 a multiple of 2935?
True
Is 223675011 a multiple of 1407?
True
Is 1754 a factor of 724444096?
True
Is 2015301533 a multiple of 22?
False
Is 19 a factor of 7395565?
False
Is 921 a factor of 103134501?
True
Is 5 a factor of 7943114?
False
Is 2286678201 a multiple of 52?
False
Does 10 divide 27292188?
False
Is 12 a factor of 1351718516?
False
Does 1444 divide 515948872?
False
Does 5 divide 11623845?
True
Is 470204826 a multiple of 78?
True
Does 88 divide 4767502784?
True
Is 1320618390 a multiple of 866?
False
Is 174 a factor of 4067772?
True
Does 51 divide 750618?
True
Is 224131748 a multiple of 7?
False
Is 868431690 a multiple of 2115?
True
Does 48 divide 754455208?
False
Is 251 a factor of 547392470?
False
Is 1020 a factor of 1210323840?
True
Does 380 divide 47605260?
True
Is 12961 a factor of 5389546708?
True
Is 27 a factor of 61300818?
False
Is 1767 a factor of 1385055882?
True
Does 321 divide 321471228?
True
Is 31 a factor of 268767179?
True
Is 12 a factor of 22791628?
False
Is 38008469 a multiple of 670?
False
Is 1022855918 a multiple of 263?
True
Is 23435026 a multiple of 238?
False
Is 599381624 a multiple of 776?
True
Is 8 a factor of 117487468?
False
Is 378 a factor of 521973848?
False
Does 1086 divide 1775610?
True
Is 586 a factor of 306418814?
True
Is 923642 a multiple of 269?
False
Is 156744108 a multiple of 12?
True
Does 39 divide 7217471033?
False
Does 121 divide 393870367?
True
Does 477 divide 9994104?
True
Is 3936 a factor of 258944789?
False
Is 584234448 a multiple of 534?
True
Is 285 a factor of 24688980?
True
Is 1105 a factor of 92376376?
False
Is 355 a factor of 64045993?
False
Is 569758711 a multiple of 7?
False
Is 24 a factor of 1681950753?
False
Is 5539 a factor of 1027653408?
False
Is 368479186 a multiple of 13?
False
Is 14 a factor of 100758868?
True
Is 71 a factor of 214187404?
True
Is 268529713 a multiple of 24?
False
Is 16 a factor of 66648096?
True
Does 14 divide 60671772?
True
Is 6 a factor of 1013201647?
False
Does 21 divide 42942123?
True
Is 3 a factor of 25931433?
True
Does 12 divide 134356950?
False
Is 6 a factor of 422150082?
True
Is 147149851 a multiple of 29?
False
Is 95839432 a multiple of 2010?
False
Is 6540 a factor of 4116403914?
False
Does 29 divide 29135865?
True
Is 3 a factor of 10788257?
False
Is 593 a factor of 306986136?
False
Does 1574 divide 880072373?
False
Is 488305815 a multiple of 123?
False
Is 105959279 a multiple of 2822?
False
Is 2375 a factor of 224451750?
True
Is 8942336 a multiple of 256?
True
Is 276884575 a multiple of 11?
True
Is 12 a factor of 321773744?
False
Does 239 divide 465608089?
True
Does 135 divide 26540663?
False
Does 5 divide 582656?
False
Is 39978822 a multiple of 45?
False
Is 2244601060 a multiple of 10?
True
Is 334 a factor of 13237422?
True
Is 352 a factor of 14359640?
False
Is 81779018 a multiple of 717?
False
Does 221 divide 157709830?
False
Is 8104570 a multiple of 3?
False
Is 695961797 a multiple of 227?
True
Is 1418206759 a multiple of 6301?
False
Is 6145061 a multiple of 84?
False
Is 372489162 a multiple of 2519?
False
Is 43 a factor of 2289244062?
True
Is 4167 a factor of 136790109?
True
Is 857481149 a multiple of 3869?
False
Is 59368532 a multiple of 938?
False
Does 6 divide 48559443?
False
Is 467 a factor of 40165736?
True
Does 5566 divide 336999177?
False
Is 763523598 a multiple of 226?
True
Does 27 divide 23055705?
True
Is 65028452 a multiple of 604?
True
Does 27 divide 64189323?
False
Is 40 a factor of 45730680?
True
Is 87 a factor of 4363485?
True
Is 275 a factor of 3328281?
False
Does 380 divide 173857600?
True
Is 2 a factor of 17539282?
True
Does 5330 divide 303021160?
True
Is 60485778 a multiple of 869?
False
Does 4470 divide 501031511?
False
Is 138801874 a multiple of 113?
False
Is 973089 a multiple of 19?
False
Is 275380794 a multiple of 1637?
False
Is 33 a factor of 541155450?
True
Is 369 a factor of 99574650?
True
Is 39 a factor of 24758231?
False
Is 23184252 a multiple of 1092?
True
Does 77 divide 359569441?
True
Does 116 divide 2043456?
True
Is 1663 a factor of 541587547?
True
Does 126 divide 130161024?
True
Is 2792 a factor of 3615318909?
False
Does 3 divide 23883966?
True
Is 11 a factor of 899835827?
True
Is 514 a factor of 11686304?
True
Is 270 a factor of 11